g(m). Let q(o) = -o**3 + o**2 - o. Give q(p).
0
Let n(m) = -m**3 + 1. Suppose -2*q + 5*q = 63. Let i(r) = -3*r**2 + 6*r + 24. Let h be i(5). Let j = q + h. Give n(j).
1
Let w(u) = -6*u**2 + 1. Let i be -3 - (-4)/(-4)*-2. Suppose -27 = -r + 5*h, 17 = -4*r - h - 4*h. Let y be (-2*r/(-4))/i. Determine w(y).
-5
Let w(d) be the third derivative of 0*d + 1/120*d**6 + 8*d**2 - 1/10*d**5 + 2/3*d**3 + 1/4*d**4 + 0. Give w(5).
9
Let v(d) be the second derivative of d**3/6 - 2*d**2 - 4*d. Let s(t) = -2*t + 7. Let g(j) = -3*s(j) - 5*v(j). Determine g(4).
3
Let f(n) = 309*n**2 - 300*n**2 + n - 1 + 2 + 2. Determine f(-2).
37
Let z(p) = -p**2 - 11*p - 6. Suppose -2*c + 561 - 579 = 0. Give z(c).
12
Let t(z) = 13 + 9*z + 486*z**2 - 487*z**2 - 2*z + 4*z. Calculate t(9).
31
Let o(m) = -2*m + 3. Let p = 35 - 22. Let h(g) = g**2 - 8*g - 2 + 0*g**2 + p*g. Let c be h(-6). Determine o(c).
-5
Let l be -3*(10/(-3))/(-10). Let q(j) = -37*j**2 - 1. Give q(l).
-38
Let q be 1 + ((-4)/(-3))/((-6)/(-18)). Let x(n) = -n**2 - 2*n + 6. Determine x(q).
-29
Let d(q) = q**3 - 9*q**2 + 6*q + 6. Suppose 0 = 19*f - 27 - 125. Calculate d(f).
-10
Let n(z) = 4*z - 1. Let h(s) = s**3 + 8*s**2 - 2*s + 6. Let v be h(-8). Let f = v - 21. Give n(f).
3
Let m(w) be the first derivative of w**6/120 + w**5/20 + w**4/12 + w**3/3 - 3*w**2/2 - 21. Let r(f) be the second derivative of m(f). Give r(-3).
-4
Let c(i) = i**3 + 11*i**2 + 25*i + 7. Let r be c(-8). Let m(u) = 16*u**2 - 1. Calculate m(r).
15
Let j(t) = -t - 1. Let c(q) = -2*q**3 + 4*q**2 - 2*q + 1. Let n be c(2). Let a be (7 + -6)*(n - -1). What is j(a)?
1
Let i(n) = -23*n - 3*n**2 + 7*n**2 + 52*n - 26*n - n**2. Calculate i(-3).
18
Let s(h) = -h + 4. Let w(g) = g**2 + 2*g + 4. Let m be w(0). Suppose 5*l - 1 = -5*x + 9, 3*l = -x - m. What is s(x)?
-1
Let s(i) = -i**2 + 9*i + 3. Let c = -22 - -1. Let u = 30 + c. Determine s(u).
3
Let p(n) = -n - 5. Let m(w) be the first derivative of -w**4/4 + w**3/3 - w**2/2 - 3*w - 42. Let o be m(0). Calculate p(o).
-2
Let q be 24/(-5)*(-5)/(-2)*-3. Suppose 14*o = -q + 8. Let t(i) be the first derivative of i**4/2 + i**3 + i**2/2 - i + 1. Determine t(o).
-7
Let x be (-3)/9 - 7/(-3). Let y(r) = 4*r + 0*r**2 + r + 5 - 7*r**x + r**3. Give y(6).
-1
Suppose -9*h - 10 = -11*h. Let o(t) = -3*t**2 + 5*t + 6. Give o(h).
-44
Let a be 24/60*15/2. Let b(t) be the second derivative of 1/2*t**2 + 5*t + 0*t**a + 1/5*t**5 - 1/6*t**4 + 0. Give b(1).
3
Let l(r) = -90*r**2 - r**3 + 42*r**2 + 49*r**2 + 4*r + 3. Suppose 0 = -2*f + f + 3. Suppose -4*x - 12 = f*b + 8, 0 = x - 5*b - 18. Calculate l(x).
7
Let g = -270 + 272. Let d(o) be the third derivative of -1/12*o**4 + 0*o - 5*o**g + 1/30*o**5 - 2/3*o**3 + 1/120*o**6 + 0. Determine d(-3).
-7
Let q(m) = -m + 7 + 2*m - 3. Let p be q(-4). Let r(b) = b**2 - b + 22. What is r(p)?
22
Let b(k) = k**2 - 3*k**2 + 6 + 3*k - 3 + 0. Let h = -10 + 13. Calculate b(h).
-6
Let z(d) = d**2 - 13*d - 120. Let h be z(-6). Let s(r) = -r**2 - 8*r - 3. Determine s(h).
9
Suppose 78 = 16*q - 3*q. Let g(p) = p**3 - 6*p**2 - 4*p + 12. Give g(q).
-12
Let m = -1111 - -1111. Let w(n) = 2*n + 29. What is w(m)?
29
Let z(x) = 2*x**2 + 33*x - 97. Let d be z(-19). Let f(h) = -3*h**3 - 2*h**2 - 2*h - 2. Determine f(d).
18
Let y be (2 + -2)/(0 - 1). Let l(t) = -13*t**3 + 7*t + 13. Let x(s) = -11*s**3 + 6*s + 12. Let m(f) = 5*l(f) - 6*x(f). What is m(y)?
-7
Suppose -4*n + 3*n + 2*t + 10 = 0, -3*n + 2*t + 18 = 0. Suppose i = -2*g - 0*g + 6, i = n*g + 30. Let q = -12 + i. Let k(r) = r**2 - r + 1. Determine k(q).
3
Let o(j) = -j**3 + 2*j**2 - 2*j - 1. Let k be (-6)/(-18) + 132/9. Suppose -k = 5*z, -15 = -3*b - 2*z + 4*z. Calculate o(b).
-16
Let j(a) = -a**3 + 4*a**2 + 14*a + 4. Let s(k) = 2*k - 16. Let g be s(11). Determine j(g).
16
Let n(i) = -3*i**3 + 13*i**2 + 6*i + 18. Let s(p) = -7*p**3 + 26*p**2 + 13*p + 37. Let q(z) = 9*n(z) - 4*s(z). What is q(-13)?
-12
Let s(y) be the third derivative of y**5/60 - 7*y**4/24 + y**3/6 + 114*y**2. Determine s(3).
-11
Let z(k) be the first derivative of -2 - 6*k - 7/2*k**2 - 1/3*k**3. What is z(-6)?
0
Let d = 17 - 17. Suppose -5*o = d, -4*o = 3*w - o - 3. Let u(l) = 6*l + 2 - 3 + 0. Determine u(w).
5
Let k(c) = -3*c - 4. Let x be (-1)/((-273)/69 + 4). Let t = -26 - x. Give k(t).
5
Let t(p) = -14*p + 387 - p + p - 9*p - 386. Calculate t(1).
-22
Let h be (-826)/(-295) - 8/10. Let y(o) = -o**2. Calculate y(h).
-4
Suppose 0 + 5 = a + 5*j, -2*j = -3*a - 2. Let f(i) be the second derivative of -1/3*i**4 + 9*i + i**2 + 1/3*i**3 + a. What is f(2)?
-10
Suppose 64 = -14*u + 18*u. Let x(i) = -26*i**2 + 7 + 27*i**2 - 7 + u*i**3. Let m(d) = d**2 + 8*d + 13. Let p be m(-6). Calculate x(p).
17
Let s(f) be the second derivative of f**5/20 + 5*f**4/4 + 5*f**3/2 + 7*f**2/2 + 215*f. Determine s(-14).
-7
Let j(y) = -11*y + 70. Let p be j(6). Let k(r) = -3*r + 7. Calculate k(p).
-5
Let o = 20 + -31. Let w(h) = -11 + h - 16 + 34. Determine w(o).
-4
Suppose 4*y - 57 = -61. Let h(t) = -16*t**3 - t - 1. Determine h(y).
16
Let v(t) be the second derivative of -t**6/360 - t**5/60 + 7*t**4/6 - 13*t. Let y(j) be the third derivative of v(j). Determine y(3).
-8
Let a(q) = -3*q - 1. Let h = -2 + 1. Let j be -4*h/12*15. Suppose 2 - 17 = 5*x - 4*b, 0 = j*x - 3*b + 10. Determine a(x).
-4
Let s(y) = 3*y**2 + 7. Let k(p) = 5*p**2 - p + 14. Let x(d) = -4*k(d) + 7*s(d). Determine x(-5).
-2
Let a(l) = -3*l - 9. Suppose -3*h - 5*r = 41, -4*h - 5*r - 18 = 35. Let c(g) = 1. Let x(y) = h*c(y) - a(y). Calculate x(3).
6
Let n(i) = 0 + 13 + 4 - 4*i + 3*i - i**2. Suppose 3*j = t + 9, 0 = -5*t + 3*j + 14 - 23. Give n(t).
17
Let v(h) = -h**2 + 3*h + 2. Let k(s) = s**3 + 8*s**2 + 3*s. Let p be k(-8). Let q = 28 + p. Give v(q).
-2
Let l(w) = -w**3 - 7*w**2 - 4*w + 14. Suppose 0 = -340*d + 355*d + 90. Give l(d).
2
Let u(w) = -w**2 + 2*w + 2. Let f = -17 + 44. Let m be f + -20 - 2*(0 - -1). Give u(m).
-13
Let c be 38/(-247) - 3/((-39)/470). Suppose 45 - c = 3*p. Let l(r) = -r**2 + 3*r + 1. Determine l(p).
1
Suppose -37*v + 80 = -21*v. Let a(g) = 6*g + 4. Determine a(v).
34
Let w(n) be the first derivative of 3*n**2/2 + n - 51. Let m be (-2)/(-8) + (-330)/40. Let p = m - -10. Calculate w(p).
7
Let r = -43 - 48. Let o = 94 + r. Let y(w) = w**3 - w**2 - 5*w + 3. Determine y(o).
6
Let k(d) be the first derivative of 5*d - 7/2*d**2 + 2/3*d**3 - 11. Determine k(4).
9
Suppose 12 = 3*y + y. Suppose 4*h = y*h - 5, -28 = -3*f + 2*h. Let a(j) = -j + 4. Give a(f).
-2
Let z(w) = w**2 - 7*w - 12. Let y = 184 + -174. Determine z(y).
18
Let x(r) = r**2 - r + 7*r - 2*r**2 + 4 - 2*r. Determine x(6).
-8
Let d(p) be the third derivative of -p**8/20160 + p**7/840 - p**6/144 - p**5/30 + 6*p**2. Let b(k) be the third derivative of d(k). Calculate b(5).
0
Let y(m) = -m + 21*m**3 - 6*m**2 + 2*m**2 - 20*m**3 + m**2 + 2. What is y(4)?
14
Let p(h) be the first derivative of h**4/4 + h**3/3 + h**2/2 - 16*h - 235. Give p(0).
-16
Let n = -727 - -729. Let g(j) = -3*j + 5 + 0 - 6. Determine g(n).
-7
Let h = -1575 + 1575. Let i(k) = -k**3 - k**2 + 13. Determine i(h).
13
Let q(f) = f**3 - f**2 - f - 1. Let n(j) = 2*j - 2. Let a = 12 - 11. Suppose 3*y - 4*d + a = 3, 2*d = -4*y + 10. Let u be n(y). Determine q(u).
1
Let q(g) = -g**3 - 5*g**2 + 6*g + 2. Let w be q(-6). Suppose 11*f = 9*f - 24. Let n be (5/(-30))/(w/f). Let v(b) = -2*b**2 - b + 1. What is v(n)?
-2
Suppose -19*k - 369 = 22*k. Let h(s) = -4*s - 29. What is h(k)?
7
Let d be 10/6*1*3. Let n(j) = -3*j**3 - 9*j**2 + 4*j - 2. Let l(m) = 29*m**3 + 83*m**2 - 37*m + 17. Let a(g) = 2*l(g) + 19*n(g). What is a(d)?
6
Let m(v) = v**2 - 2. Suppose 35 = -10*g + 55. What is m(g)?
2
Let x(v) = -2*v**2 - 9*v - 2. Let y(j) = -4*j**2 - 3*j + 1. Suppose -9*r = r - 10. Let k be y(r). Calculate x(k).
-20
Let l(b) = -1. Let f(m) = -2*m**2 - 5*m - 8. Let v(j) = f(j) - 2*l(j). Let a(c) = 7 + 1 + c**2 - 1 + 2*c**2 + 6*c. Let p(u) = -5*a(u) - 6*v(u). What is p(-2)?
-11
Let c(a) be the second derivative of -a**3/6 + 9*a**2/2 + 2*a + 4. Determine c(4).
5
Let j(d) = -2*d + 6470*d**2 + 1 + 6466*d**2 - 12937*d**2. What is j(-2)?
1
Let k(o) = -o. Let f be k(0). Suppose f*v + 2*v = -10. Let m(q) = -42*q - 42*q + 4 + 85*q. Give m(v).
-1
Let u = -1 + 0. Let z(i) = 4*i**2 - 44*i**3 - 53*i**3 + 98*i**3 - 3*i**2. Calculate z(u).
0
Suppose